vided by j(-11).
106
Let n = -33 + 83. What is the remainder when 1/((-2)/8) + 200 is divided by n?
46
Suppose 15 = g + 2*g. Suppose 4*j - 15 = -o, -121*j + 123*j = -o + 11. Calculate the remainder when o is divided by g.
2
Suppose 84*g - 89*g = -20. Calculate the remainder when 51 is divided by g.
3
Suppose -2*o = -6*o + 12, -o - 97 = -5*c. Calculate the remainder when 70 is divided by (4 + (-32)/(-10))/(6/c).
22
Suppose -x + 0 = -11. Let u = 2 - -3. Suppose 0 = -5*p + u + 20, 4*g - 2*p = 162. What is the remainder when g is divided by x?
10
Calculate the remainder when 35/28*-8 - -872 is divided by 36.
34
Suppose 5*a + x = -188, -3*a + 4*x - 173 + 51 = 0. Suppose 124 = 2*d - 0*d. Let c = d + a. What is the remainder when c is divided by 5?
4
Calculate the remainder when (-9 - (-217)/21) + 294/9 is divided by 6.
4
Suppose -4*k + 3*s = -196, -30*s = -5*k - 28*s + 238. What is the remainder when 97 is divided by k?
5
Let l(i) = 23*i - 226. What is the remainder when l(21) is divided by 20?
17
Suppose 48 = 5*w + 23. Suppose 0 = 5*t - 25, 4*t - 85 = -w*m + 6*t. Calculate the remainder when m is divided by 10.
9
What is the remainder when 493 is divided by 2 - ((-40 - -6) + 3)?
31
Let m(l) = 4*l - 12. Let a = 13 + -9. Suppose 0*k - 5*k + a*g = -30, k - 6 = 2*g. What is the remainder when 33 is divided by m(k)?
9
Let k(f) = -f + 5. Let p(z) = z**3 - 10*z**2 + z - 6. Let o be p(10). What is the remainder when k(o) is divided by 1?
0
Suppose 2*y = 3*u - 77, 4*u - 5*u + y + 26 = 0. Suppose u = -r + 6*r. Let m(x) = x**2 - x + 1. What is the remainder when m(r) is divided by 6?
3
Let h(j) = -42*j**3 + 0 + 1 - 6*j**3 - 5*j**3. Calculate the remainder when h(-1) is divided by (-56)/6*6/(-4).
12
Let b = 12 - 2. Suppose 4*g = 3*j - b, 3*j - 16 = -2*g + 24. Suppose -v - h + 41 = -5*h, -5*h - j = 0. What is the remainder when v is divided by 12?
9
Let j(y) = y**3 - 4*y**2 - 3*y. Let v be j(5). Suppose -5*p = 5*b - 70 - v, 2*p = 3*b - 68. What is the remainder when b is divided by 9?
2
Let q(y) = y**3 + 11*y**2 + 9*y - 11. Let r be ((-33)/44)/(-2 + 25/12). What is the remainder when q(r) is divided by 19?
13
Suppose 190 = -s + 218. Let i = -28 + 44. What is the remainder when s is divided by i?
12
Suppose -890 + 1066 = 8*j. Let m(g) = g**2 - 2*g - 1. Let v be m(3). Calculate the remainder when ((-4)/2)/(v/(-63)) is divided by j.
19
Let g(t) = 257*t - 147. Calculate the remainder when g(1) is divided by (-4)/(-10) - 183/(-5).
36
Let u = -446 + 455. Calculate the remainder when 24*1*5/5 is divided by u.
6
Let j(w) = 2*w - 1. Let i be j(3). Let v(s) = -s**3 + 6*s**2 - s - 2. Calculate the remainder when 34 is divided by v(i).
16
Let n be (-2)/9 - (-1675)/45. Let x = 9 + n. What is the remainder when x is divided by 12?
10
Let x = -306 + 157. Let a = -592 + 370. Let d = x - a. Calculate the remainder when d is divided by 19.
16
Suppose 0 = 2*s - 10 - 0. Suppose 10 = -2*q + 4*q. Suppose -9 - 1 = -q*n. Calculate the remainder when s is divided by n.
1
Let t = 1443 + -1263. Calculate the remainder when t is divided by 66.
48
Let r(h) = 23*h - 241. What is the remainder when r(12) is divided by 23?
12
Let m(a) = -a**3 - 11*a**2 + 190. What is the remainder when m(-14) is divided by 60?
58
Suppose 3*n - 62 = 29*h - 27*h, -5*h - 92 = -4*n. Calculate the remainder when n is divided by 10.
8
Suppose 30 = -3*k - 4*z + 65, -5*k + 41 = -2*z. Calculate the remainder when 51 is divided by k.
6
Suppose 20 - 52 = -4*p. What is the remainder when (42/10)/(39/585) is divided by p?
7
Suppose 5*w + 0*w - 55 = 0. Let j(n) = n**3 - 12*n**2 + 16*n - 8. Let x = -3 - -15. Calculate the remainder when j(w) is divided by x.
11
Let h = -101 + 151. Let v = h + -47. Calculate the remainder when v is divided by 2.
1
Let p(f) = -25*f**3 + f**2 - 5*f - 7. Calculate the remainder when 103 is divided by p(-1).
7
Let v be 0 + -2 + (-56 - 6). What is the remainder when 11 is divided by v/(-10) + 36/10 + -4?
5
Suppose 5*q = -k - 2*k + 40, -4*k + 4*q = 0. Suppose -y + 10 = m - 0*m, k*m + 3*y = 40. Calculate the remainder when 29 is divided by m.
4
Suppose -13*f + 371 + 58 = 0. Calculate the remainder when 71 is divided by f.
5
Let q(k) = 7*k + 2. Let y be q(-2). Calculate the remainder when -28*y/8 - 4 is divided by 20.
18
Let q = 95 + -48. Let w = q - 0. Suppose 3*t = 7*t - 64. What is the remainder when w is divided by t?
15
Suppose -q - 40 = -2*s + 2*q, s + 4*q = 42. Calculate the remainder when 34 is divided by s.
8
Let c(r) = r**2 + r + 9. Let j be 165/12 + (-4)/(-16). Suppose 4*o = 46 + j. What is the remainder when o is divided by c(0)?
6
Calculate the remainder when (-6 + -559)*(-2)/10 is divided by 24.
17
Suppose -3*w = 3*l - 27 - 9, 23 = 2*w + l. What is the remainder when 52 is divided by w?
8
Let s = -18 + 42. What is the remainder when (-32)/336*3 - (1012/(-14) + 2) is divided by s?
22
Let o = 40 + -20. Calculate the remainder when 116 is divided by o.
16
Suppose 4*b + 21*k - 100 = 19*k, 3*k = -5*b + 124. Calculate the remainder when 39 is divided by b.
13
Let w(z) = -3*z**2 - 12*z + 5. Let f be w(-4). Suppose 3*v + 4*x = 2*v, -5*x = -f*v + 125. Calculate the remainder when 56 is divided by v.
16
What is the remainder when ((-140)/(-3) - 0)*(-2205)/(-588) is divided by 94?
81
Let y be (-1 + 1)*(-7 - -8). Let h be 3/(-6)*y/1. Let j(r) = r**3 - r**2 + r + 3. Calculate the remainder when 8 is divided by j(h).
2
Suppose -2*j - 4*x = 3*j - 81, -3*j = -2*x - 31. Let s(z) = -3*z + 0*z**2 + z**2 - z - 3*z - 7. Calculate the remainder when s(10) is divided by j.
10
Let g be 274/4 + (-2)/(-4). Suppose -g = -3*q + 9. What is the remainder when 51 is divided by q?
25
Let u be (-1)/(-7) + 216/56. Suppose -u*v + 17 = -7. What is the remainder when 8 is divided by v?
2
Suppose -409 + 640 = 3*u. What is the remainder when u is divided by 3?
2
Suppose -5*t + 278 - 8 = 0. Calculate the remainder when 159 is divided by t.
51
Let h = 13 - 8. Suppose -h*o = -7 - 13. Suppose -f - 65 = -o*y + 14, 5*y - 102 = -2*f. Calculate the remainder when 57 is divided by y.
17
Let m = -71 + 140. Let k = 33 - 33. Suppose 0 = 6*q - k*q - 108. Calculate the remainder when m is divided by q.
15
Suppose 0 = -20*f + 23*f - 1029. Suppose -2*g - 61 = -f. Calculate the remainder when g is divided by 24.
21
Let s = 172 - 47. Suppose 0 = -2*l - 2*h + 4, 3*h + h = -5*l + 12. Calculate the remainder when s is divided by (-12)/(-3)*2*l.
29
Let w(r) = r**3 + 12*r**2 + 4*r + 6. Calculate the remainder when 80 is divided by w(-3).
5
Suppose -676 = -13*x + 1001. Calculate the remainder when x is divided by 30.
9
Let h(b) be the second derivative of -b**3/3 - 11*b**2/2 - 2*b. Calculate the remainder when 41 is divided by h(-11).
8
Let f be (-1 + 2 + -2)*(0 + 0). Suppose f = 81*w - 83*w + 10. Calculate the remainder when 29 is divided by w.
4
Suppose -4*o = -9*o + 15. Let w be (o/9)/((-3)/(-108)). Let n = 2 + w. Calculate the remainder when 54 is divided by n.
12
Let d(v) = 36*v**2 - v + 1. Let n = 9690 + -9685. What is the remainder when d(1) is divided by n?
1
Let y(q) = 58*q**2 - q + 1. What is the remainder when y(1) is divided by 51/3 + -3 + 1?
13
Suppose -3*q + 6*q = o - 66, -q + 316 = 4*o. Let c = 2902 - 2861. What is the remainder when o is divided by c?
37
Let t be 3*496/(-12) + -4. Let s = 254 + t. What is the remainder when s is divided by 26?
22
Suppose 7*l = 12*l - 85. Suppose -12*o = -l*o + 630. Let u = o + -77. What is the remainder when u is divided by 25?
24
Let z = 653 + -597. Calculate the remainder when z is divided by 31.
25
Let k = -33 + 36. Suppose k*g + 18 = 5*g. What is the remainder when 16 is divided by g?
7
Let r be (-2)/(-4)*(4 - -2). Let u be (8/3)/(2/r). Suppose 30 = f + u*f. What is the remainder when 21 is divided by f?
3
Let o(n) = 20*n**2 - 2*n**3 - 17*n**2 - 3*n + 3*n**3 + 8 + 0*n. Calculate the remainder when 9 is divided by o(-4).
1
Let f(h) = -h**2 - 25*h + 44. What is the remainder when 193 is divided by f(-26)?
13
Let i(f) = -2*f**2 + 34*f + 48. Calculate the remainder when i(16) is divided by 29.
22
Suppose 0 = -4*g + g - 42. Let d = 19 + g. Let z = 21 + -4. What is the remainder when z is divided by d?
2
Suppose 16*u + 69 - 4069 = 0. Calculate the remainder when u is divided by 11.
8
Let l(n) = 